5 - (6 - -2) - (-2 + -28 - -6).
21
3 + (0 - -3) + -1 + -26 + 7
-14
Calculate 1 - (-3 + 4) - (-3 + -2 + 0).
5
What is 4 - (-8 + 0 - -7 - -7)?
-2
What is 4 - ((-31 - -1) + (-234 - -255))?
13
What is (3 - 16) + -5 + 9 + (-3 - -8)?
-4
Calculate 18 + -33 + 21 + -13.
-7
2 - -2 - (-9 + (26 - 8) - 8)
3
What is the value of (-8 + 1 - (-41 - -40)) + 14?
8
What is -18 - (0 + -3) - (-91 - -83)?
-7
Evaluate (0 - (-1 + 2) - -5) + (-3554 - -3551).
1
Evaluate (11 + -15 - -7) + -11.
-8
26 - (-18 - (-26 - 14))
4
Calculate 6 - 17 - (0 + (-5 - -10)).
-16
12 - (40 - (2 - -13))
-13
Calculate (8 - 4) + 2 + -2 + -3 + -14.
-13
Calculate 1 + (1 + 1 - -1) + (0 - 1).
3
What is the value of 1 + 1 + (-8 + -6 - -7) + 17?
12
Evaluate 44 + (44 - (2 - -89)).
-3
Evaluate -5 - (1 + 2 + (-5 - 19)).
16
Evaluate -1 - 5 - (-10 + 22 - 6).
-12
What is (27 - -8) + -36 + -9?
-10
Calculate (12 - 9) + (-14 + 7 - 7).
-11
0 + (-1 - (3 + 2 + -3) - 1)
-4
What is the value of (-13 - -15) + 26 - 25?
3
3 - 14 - (-85 + 72)
2
Calculate -23 - -1 - (-6 - -25 - 29).
-12
Calculate -1 - -10 - ((49 - 18) + -35).
13
Evaluate 1 - -5 - ((2 - -12) + -9).
1
Evaluate 20 - ((47 - 44) + (6 - -1)).
10
What is the value of 12 - (17 + (-5 - 3))?
3
What is the value of (-9 - (-13 + 9 + 2)) + -2?
-9
Evaluate -303 + 294 + (1 - 6).
-14
What is the value of 13 + (-21 - -13 - -4)?
9
What is 1 + 5 + 79 + -79 + 5?
11
What is the value of -11 - (15 - 13 - (1 + 3 - 5))?
-14
15 + -1 - (-3 - -6)
11
What is -347 + 362 + 1 + -11?
5
What is the value of (45 + -54 - (-25 + 1)) + -7?
8
Evaluate (-10 + 12 - 11) + 0 + -2.
-11
Calculate 11 - (4 - (-37 + 35) - (20 + 0)).
25
17 - (-2 - -7 - (-2 - -2))
12
What is the value of (-41 - -14) + -19 + 10?
-36
5 + -3 + 1 + (-3 - 11) - -4
-7
What is the value of (-4 - 0) + (-267 - -263)?
-8
-18 - (-4 + 29 - (106 - 96))
-33
-10 + (32 + -2 - (-23 + 31))
12
Evaluate 59 + (2 - 51) + -9.
1
What is 31 - (-10 - -6 - -22)?
13
What is the value of (-9 - -5 - 15 - -10 - -5) + -15?
-19
Calculate 1 + 10 + -22 - (-4 - (3 + -2)).
-6
Calculate -14 - -13 - (-11 + 11).
-1
What is the value of -6 - (14 - (7 - -4))?
-9
What is -2 - (-9 + 2 + 7 + 6)?
-8
What is the value of -147 - -127 - (0 - 2)?
-18
Evaluate 6 - (0 + -6 + 19 + -1 + 7).
-13
Evaluate (9 - 17) + (-8 + -6 - -6).
-16
Calculate 17 - (24 + -41 - (-3 + -2)).
29
Calculate (-2 - -2) + (-227 - -225).
-2
Evaluate -31 - (0 + -8) - (-23 - -14).
-14
-14 + (2 - 2) - (456 - 464)
-6
What is the value of (-7 + 5 - -10) + 8 + -9 - 0?
7
Evaluate -6 + 14 + -1 + 1 + (-10 - 2).
-4
Evaluate (-8 - -8 - 1) + 6 - 10.
-5
What is the value of -2 + 4 + (-3 - (-19 - -12))?
6
Calculate 1 - 26 - (0 + -1 - (145 - 142)).
-21
What is the value of -2 + 14 + 14 + -21?
5
What is the value of (-8 - -3) + 4 + (-2 - 8)?
-11
3 + 0 + (5 + 4 - 16)
-4
Calculate (-18 - -6) + -6 - -2.
-16
0 - ((28 - 22) + (-2 - 7))
3
55 + -20 + -22 + -9
4
Evaluate 1154 - 1179 - (-1 - -5).
-29
Evaluate -4 - (-22 - -1) - (-9 + 5 + 4).
17
What is 33 + (0 + 1 - (-22 + 54 - 33))?
35
What is the value of -4 + (-13 - 2 - -20 - 10)?
-9
Evaluate 12 + (-28 - 7) + 21.
-2
(-6 - (-2 - -11)) + 7 - (-1 - -1)
-8
Calculate 4 + (33 + -31 - (8 - 1)) - 4.
-5
Calculate -37 + 14 - (-20 + 5 - -16).
-24
What is -3 + -3 + 12 + -6 + (3 - -14)?
17
42 + -60 + 36 - 18
0
Calculate -16 + -6 + 7 + 26.
11
Evaluate -7 + 0 + (-15 - -14).
-8
Evaluate 0 + -17 + 24 + -3.
4
What is the value of 3 + -4 + -37 + 37?
-1
Calculate -22 - -23 - (-6 - -20).
-13
What is -91 + 93 + (-3 + 3 - (-1 + -3))?
6
What is the value of (7 - 12) + (8 - 3)?
0
What is the value of (3 - 6 - (4 - (1 + 6))) + -5?
-5
-34 + -2 - (-606 + 580)
-10
Calculate -6 + 1 + 7 + 5 + -9.
-2
(4 - 2) + (1 - 0) - (-21 - -37)
-13
What is (13 + -13 - -9) + 6?
15
Evaluate 5 - -12 - -5 - 11.
11
Calculate 7 - ((-9 + 9 - -7) + -11).
11
6 - (35 - 37 - (-1 - 1 - -5))
11
Calculate (0 + -11 - -19 - 15) + 13 + -1.
5
What is 0 + -9 - (-7 + 1 + (14 - 20))?
3
(-32 + (-14 - -11) - -9) + -4
-30
Evaluate (-8 + 18 - 17) + -5.
-12
What is the value of -20 + 0 + (112 - -43) + -111?
24
What is the value of (2 - -17) + (2 - 22)?
-1
What is -30 - (9 + (7 - 21))?
-25
Calculate (13 - (5 - (-2 - -19))) + -3.
22
Calculate -4 - (-20 + 18) - (-17 + (-2 - -1)).
16
What is the value of -16 + 8 + 6 + -2 + -2 + -4?
-10
Calculate -17 + (-14 - -24) + (-11 - -2 - -2).
-14
4 - 10 - (-7 + 5 + (1 - -3))
-8
What is 34 - 35 - (-10 + 19)?
-10
Calculate 0 + -12 + (33 + -37 - -5).
-11
-5 + (19 - -8) + -11
11
Calculate -10 - (16 - 9 - 4).
-13
Calculate (5 + 4 + -19 - 6) + -2.
-18
13 + -8 - 7 - (-9 + 7 + 1)
-1
Calculate 20 + -26 + 47 + -18.
23
Calculate (33 - 6) + -23 + -1 + 13.
16
26 + -22 + (6 - 33)
-23
What is 5 - (-3 - 5 - (8 + -7))?
14
What is (4 - 3) + 6 + (4 - 14 - -19)?
16
Evaluate -14 + (13 - 22) + 20.
-3
What is 1 + -8 - (-19 - (28 + -36))?
4
What is 8 + (1 - 15) + 2 + 6?
2
Evaluate 10 + -55 + 11 + 27.
-7
What is 7 + (158 - 162) + (-2 - -1)?
2
What is the value of -9 + -1 - (-2 + -6 + 18 - 2)?
-18
Evaluate 84 + -55 - (4 + 13).
12
10 + (-11 + 4 - 1)
2
Calculate 7 + -3 + (-9 - (-8 + 5 - 0)).
-2
-13 + (-21 - -54) + -13
7
What is the value of (-25 - -34 - (0 - (0 - -1))) + 5?
15
Calculate -28 - (-2 + -14 + 7) - -5 - -2.
-12
Calculate 231 + -232 + (19 + 3 - -1).
22
Evaluate 7 + 2 - (14 + -14).
9
Evaluate 15 + (-4 + (-1 - (7 - 8)) - -3).
14
Evaluate 6 + -10 + (3 - 6 - -2 - 1).
-6
(-31 + 6 + -14 + 19 - -7) + -7
-20
(4 - -4) + (1 - 6) + 5
8
Evaluate -1 - 0 - -25 - (-6 - -10 - 5).
25
-19 + (25 - 8 - -7 - -6)
11
Calculate -34 + 12 + 16 + -1 + -3 + 2.
-8
Calculate (-38 - -71 - 20) + -29 + 0.
-16
Calculate -1 + -1 + -10 + -2 - (-140 + 135).
-9
-2 + (-29 - -40) - (-11 + -1)
21
What is (-578 - -572) + (2 + 0 + 12 - 2)?
6
What is 6 - (2 - (-3 - -3 - -6))?
10
Evaluate -23 - -13 - -5 - (-11 + 1) - 9.
-4
Evaluate 6 + 6 + -1 + (-5 - 0) + 0.
6
Evaluate 10 - ((-12 - 1) + 39 - 11).
-5
What is the value of (1 - (-5 + -31 - (-2 - 7))) + -10?
18
What is the value of (-43 + 36 + (-6 - -1) - 1) + 8?
-5
What is the value of -10 - 1 - -1 - (87 - 171 - -92)?
-18
What is the value of 2 - (1 + (-1 - (0 + 9) - 8))?
19
Calculate (-8 - -13 - (7 - 3)) + (4 - 1).
4
Calculate -343 - -363 - (1 + 32).
-13
What is 9 - (1 - -13 - (-342 - -331))?
-16
Evaluate (-7 + -14 - -18) + 28.
25
Evaluate (1 - 17) + -545 + 533.
-28
What is 1 - 5 - (13 + (1 - -2 - 29))?
9
-14 + -3 + 12 + 16
11
-4 - (-1 - 1) - (-5 + 10 - -4)
-11
What is 26 + (-27 - (-30 - -3))?
26
What is -1 + 1 - (2 + -7 + -5 + -5)?
15
-3 - ((10 - (-4 - -18)) + 1)
0
(-2 + 2 - -3) + 250 + -232
21
What is (-33 - -40) + -4 + (1 - -1) + 1?
6
What is -2 + 45 + -17 + (-2 - (-1 + 1))?
24
1 - 11 - (-113 + 106)
-3
Evaluate 5 + (-1 - -2) + -2 + 1 + 1.
6
What is 16 + (-15 - 41) + 1 + 5?
-34
Evaluate -218 + 222 - (-1 + (-2 - -6) + -2).
3
Calculate 7 + (-19 - -39) - (-3 - -1).
29
What is the value of (17 - 5 - 12) + -9?
-9
Evaluate ((-2 - 3) + -7 - 1) + -23 + 23.
-13
What is 14 + -2 - (-9 + 18)?
3
What is the value of (-16 - -13) + 4 + -2?
-1
Evaluate -12 + 63 + -31 + -44.
-24
Calculate 12 - ((11 - 2) + 20) - -10.
-7
What is -15 + 6 - (-25 - -16)?
0
-18 + (2 - (15 + -36))
5
What is -12 + (1 - -8) + 8 - (1 - -4)?
0
What is (7 - (5 - (-12 + 4 + 5))) + -1?
-2
Evaluate (-28 - -32) + (-4 - -8 - 0).
8
What is (-7 - -1) + (-10 - (-10 - -17 - 2))?
-21
1 - (-6 - (4 - 7)) - (-4 + 0)
8
28 - (-7 + -12 + 31)
16
-3 + 5 + 13 + -6 - (27 - -2)
-20
Evaluate (1 + 1 - 1 - 17) + (214 - 203).
-5
Calculate 4 + (10 - 21) + 4 - (17 - -4).
-24
What is the value of (-1 - -3 - 2) + -9 + -86 + 83?
-12
Evaluate -3 + (-2 - 1) - (-18 - (6 + -14)).
4
Calculate 19 - 23 - -28 - 38.
-14
Calculate (26 - 25) + 30 + -59.
-28
What is -11 + 6 + -1 + 11?
5
What is -5 - 1 - (-13 + (12 - 5))?
0
What is 12 + (-12 - -12 - 22)?
-10
Evaluate -11 - 3 - (0 - (-1 - (5 - -1))).
-21
Calculate -2 - ((-11 - (-9 - -7)) + 11 - 0).
-4
(14 - 5) + -3 - (44 + -36)
-2
What is (-17 - -15) + (-2 - 2) - 2?
-8
5 - 0 - (-39 + 47)
-3
What is the value of -6 + (53 - 41 - (6 + -3))?
3
What is the value of -11 - 1 - (4 + -17 - -12)?
-11
Calculate (1 - -1) + 1 + -187 + 186 - 14.
-12
Evaluate -22 + -14 + 36 + -23.
-23
What is the value of (-1 - (10 + -1)) + (-26 - -24)?
-12
Calculate -21 - 1 - (-7 + -2 + (-66 - -71)).
-18
Evaluate 19 - (-28 - -16 - -17 - (1 + -6)).
9
What is the value of 18 + (